{"id":57,"date":"2020-10-05T14:29:58","date_gmt":"2020-10-05T14:29:58","guid":{"rendered":"http:\/\/stalbex.cluster030.hosting.ovh.net\/?page_id=57"},"modified":"2022-08-18T07:00:01","modified_gmt":"2022-08-18T07:00:01","slug":"o-firmie","status":"publish","type":"page","link":"https:\/\/stalber.pl\/index.php\/o-firmie\/","title":{"rendered":"O firmie"},"content":{"rendered":"\n<p>STALBER to rodzinna firma dzia\u0142aj\u0105c\u0105 od 2013 roku na rynku krajowym oraz zagranicznym.<\/p>\n\n\n\n<p>Dzia\u0142alno\u015b\u0107 firmy oparta na wieloletnim do\u015bwiadczeniu za\u0142o\u017cycieli, zaanga\u017cowaniu i otwarto\u015bci na wyzwania, pozwoli\u0142a na zbudowanie solidnej marki. STALBER  zajmuje si\u0119 wykonywaniem konstrukcji stalowych, od prostych po skomplikowane, z wykorzystaniem r\u00f3\u017cnorodnych materia\u0142\u00f3w, od stali zwyk\u0142ej poprzez stale o zwi\u0119kszonej wytrzyma\u0142o\u015bci, a\u017c do  stali nierdzewnej i aluminium.<\/p>\n\n\n\n<p>Budowa nowej hali w Kozodrzy kosztowa\u0142a ok. 5 mln z\u0142, na co sk\u0142ada\u0142 si\u0119 m.in. zakup dzia\u0142ki i budowa siedziby firmy: lokal u\u017cytkowy o pow. 1180m2;   hala produkcyjno-magazynowa oraz pomieszczenia socjalno-biurowe. <\/p>\n","protected":false},"excerpt":{"rendered":"<p>STALBER to rodzinna firma dzia\u0142aj\u0105c\u0105 od 2013 roku na rynku krajowym oraz zagranicznym. Dzia\u0142alno\u015b\u0107 firmy oparta na wieloletnim do\u015bwiadczeniu za\u0142o\u017cycieli, zaanga\u017cowaniu i otwarto\u015bci na wyzwania, pozwoli\u0142a na zbudowanie solidnej marki. STALBER zajmuje si\u0119 wykonywaniem konstrukcji stalowych, od prostych po skomplikowane, z wykorzystaniem r\u00f3\u017cnorodnych materia\u0142\u00f3w, od stali zwyk\u0142ej poprzez stale o zwi\u0119kszonej wytrzyma\u0142o\u015bci, a\u017c do stali &hellip; <\/p>\n<p class=\"link-more\"><a href=\"https:\/\/stalber.pl\/index.php\/o-firmie\/\" class=\"more-link\">Czytaj dalej<span class=\"screen-reader-text\"> O firmie<\/span><\/a><\/p>\n","protected":false},"author":1,"featured_media":0,"parent":0,"menu_order":0,"comment_status":"closed","ping_status":"closed","template":"","meta":[],"_links":{"self":[{"href":"https:\/\/stalber.pl\/index.php\/wp-json\/wp\/v2\/pages\/57"}],"collection":[{"href":"https:\/\/stalber.pl\/index.php\/wp-json\/wp\/v2\/pages"}],"about":[{"href":"https:\/\/stalber.pl\/index.php\/wp-json\/wp\/v2\/types\/page"}],"author":[{"embeddable":true,"href":"https:\/\/stalber.pl\/index.php\/wp-json\/wp\/v2\/users\/1"}],"replies":[{"embeddable":true,"href":"https:\/\/stalber.pl\/index.php\/wp-json\/wp\/v2\/comments?post=57"}],"version-history":[{"count":8,"href":"https:\/\/stalber.pl\/index.php\/wp-json\/wp\/v2\/pages\/57\/revisions"}],"predecessor-version":[{"id":3897,"href":"https:\/\/stalber.pl\/index.php\/wp-json\/wp\/v2\/pages\/57\/revisions\/3897"}],"wp:attachment":[{"href":"https:\/\/stalber.pl\/index.php\/wp-json\/wp\/v2\/media?parent=57"}],"curies":[{"name":"wp","href":"https:\/\/api.w.org\/{rel}","templated":true}]}}