{"id":62,"date":"2020-10-05T14:31:55","date_gmt":"2020-10-05T14:31:55","guid":{"rendered":"http:\/\/stalbex.cluster030.hosting.ovh.net\/?page_id=62"},"modified":"2021-04-06T06:58:50","modified_gmt":"2021-04-06T06:58:50","slug":"park-maszynowy","status":"publish","type":"page","link":"https:\/\/stalber.pl\/index.php\/park-maszynowy\/","title":{"rendered":"Park Maszynowy"},"content":{"rendered":"\n<p><strong>Posiadamy maszyny takie jak:<\/strong><\/p>\n\n\n\n<p>Pi\u0142a Pilous arg 330 saf <\/p>\n\n\n\n<figure class=\"wp-block-image size-large\"><img loading=\"lazy\" width=\"1024\" height=\"768\" src=\"https:\/\/stalber.pl\/wp-content\/uploads\/2021\/02\/IMG_20200721_133110-1024x768.jpg\" alt=\"\" class=\"wp-image-98\" srcset=\"https:\/\/stalber.pl\/wp-content\/uploads\/2021\/02\/IMG_20200721_133110-1024x768.jpg 1024w, https:\/\/stalber.pl\/wp-content\/uploads\/2021\/02\/IMG_20200721_133110-300x225.jpg 300w, https:\/\/stalber.pl\/wp-content\/uploads\/2021\/02\/IMG_20200721_133110-768x576.jpg 768w, https:\/\/stalber.pl\/wp-content\/uploads\/2021\/02\/IMG_20200721_133110-1536x1152.jpg 1536w, https:\/\/stalber.pl\/wp-content\/uploads\/2021\/02\/IMG_20200721_133110.jpg 1600w\" sizes=\"(max-width: 767px) 89vw, (max-width: 1000px) 54vw, (max-width: 1071px) 543px, 580px\" \/><\/figure>\n\n\n\n<p>Prasa GEKA Hydracrop 110 SD do wykonywania otwor\u00f3w oraz ci\u0119cia materia\u0142u<\/p>\n\n\n\n<figure class=\"wp-block-image size-large\"><img loading=\"lazy\" width=\"1024\" height=\"768\" src=\"https:\/\/stalber.pl\/wp-content\/uploads\/2021\/02\/IMG_20200721_133134-1024x768.jpg\" alt=\"\" class=\"wp-image-100\" srcset=\"https:\/\/stalber.pl\/wp-content\/uploads\/2021\/02\/IMG_20200721_133134-1024x768.jpg 1024w, https:\/\/stalber.pl\/wp-content\/uploads\/2021\/02\/IMG_20200721_133134-300x225.jpg 300w, https:\/\/stalber.pl\/wp-content\/uploads\/2021\/02\/IMG_20200721_133134-768x576.jpg 768w, https:\/\/stalber.pl\/wp-content\/uploads\/2021\/02\/IMG_20200721_133134-1536x1152.jpg 1536w, https:\/\/stalber.pl\/wp-content\/uploads\/2021\/02\/IMG_20200721_133134.jpg 1600w\" sizes=\"(max-width: 767px) 89vw, (max-width: 1000px) 54vw, (max-width: 1071px) 543px, 580px\" \/><\/figure>\n\n\n\n<p>Wiertarki kolumnowe<\/p>\n\n\n\n<figure class=\"wp-block-image size-large\"><img loading=\"lazy\" width=\"768\" height=\"1024\" src=\"https:\/\/stalber.pl\/wp-content\/uploads\/2021\/02\/IMG_20200721_133246-768x1024.jpg\" alt=\"\" class=\"wp-image-103\" srcset=\"https:\/\/stalber.pl\/wp-content\/uploads\/2021\/02\/IMG_20200721_133246-768x1024.jpg 768w, https:\/\/stalber.pl\/wp-content\/uploads\/2021\/02\/IMG_20200721_133246-225x300.jpg 225w, https:\/\/stalber.pl\/wp-content\/uploads\/2021\/02\/IMG_20200721_133246-1152x1536.jpg 1152w, https:\/\/stalber.pl\/wp-content\/uploads\/2021\/02\/IMG_20200721_133246.jpg 1200w\" sizes=\"(max-width: 767px) 89vw, (max-width: 1000px) 54vw, (max-width: 1071px) 543px, 580px\" \/><\/figure>\n\n\n\n<p>Spawarki do spawania metod\u0105 TIG, MIG oraz MAG takie jak EWM i ESAB oraz wyci\u0105gi spawalnicze<\/p>\n\n\n\n<figure class=\"wp-block-image size-large\"><img loading=\"lazy\" width=\"768\" height=\"1024\" src=\"https:\/\/stalber.pl\/wp-content\/uploads\/2021\/02\/IMG_20200721_133322-768x1024.jpg\" alt=\"\" class=\"wp-image-104\" srcset=\"https:\/\/stalber.pl\/wp-content\/uploads\/2021\/02\/IMG_20200721_133322-768x1024.jpg 768w, https:\/\/stalber.pl\/wp-content\/uploads\/2021\/02\/IMG_20200721_133322-225x300.jpg 225w, https:\/\/stalber.pl\/wp-content\/uploads\/2021\/02\/IMG_20200721_133322-1152x1536.jpg 1152w, https:\/\/stalber.pl\/wp-content\/uploads\/2021\/02\/IMG_20200721_133322.jpg 1200w\" sizes=\"(max-width: 767px) 89vw, (max-width: 1000px) 54vw, (max-width: 1071px) 543px, 580px\" \/><\/figure>\n\n\n\n<figure class=\"wp-block-image size-large\"><img loading=\"lazy\" width=\"768\" height=\"1024\" src=\"https:\/\/stalber.pl\/wp-content\/uploads\/2021\/02\/IMG_20200721_133358-768x1024.jpg\" alt=\"\" class=\"wp-image-105\" srcset=\"https:\/\/stalber.pl\/wp-content\/uploads\/2021\/02\/IMG_20200721_133358-768x1024.jpg 768w, https:\/\/stalber.pl\/wp-content\/uploads\/2021\/02\/IMG_20200721_133358-225x300.jpg 225w, https:\/\/stalber.pl\/wp-content\/uploads\/2021\/02\/IMG_20200721_133358-1152x1536.jpg 1152w, https:\/\/stalber.pl\/wp-content\/uploads\/2021\/02\/IMG_20200721_133358.jpg 1200w\" sizes=\"(max-width: 767px) 89vw, (max-width: 1000px) 54vw, (max-width: 1071px) 543px, 580px\" \/><\/figure>\n\n\n\n<p>St\u00f3\u0142 trasersko-monterski SIEGMUND<\/p>\n\n\n\n<figure class=\"wp-block-image size-large\"><img loading=\"lazy\" width=\"1024\" height=\"576\" src=\"https:\/\/stalber.pl\/wp-content\/uploads\/2021\/02\/2016-10-15-10.51.23-1024x576.jpg\" alt=\"\" class=\"wp-image-109\" srcset=\"https:\/\/stalber.pl\/wp-content\/uploads\/2021\/02\/2016-10-15-10.51.23-1024x576.jpg 1024w, https:\/\/stalber.pl\/wp-content\/uploads\/2021\/02\/2016-10-15-10.51.23-300x169.jpg 300w, https:\/\/stalber.pl\/wp-content\/uploads\/2021\/02\/2016-10-15-10.51.23-768x432.jpg 768w, https:\/\/stalber.pl\/wp-content\/uploads\/2021\/02\/2016-10-15-10.51.23-1536x864.jpg 1536w, https:\/\/stalber.pl\/wp-content\/uploads\/2021\/02\/2016-10-15-10.51.23-2048x1152.jpg 2048w\" sizes=\"(max-width: 767px) 89vw, (max-width: 1000px) 54vw, (max-width: 1071px) 543px, 580px\" \/><\/figure>\n\n\n\n<p>Ukosowarka 45\u00b0<\/p>\n\n\n\n<figure class=\"wp-block-image size-large\"><img loading=\"lazy\" width=\"831\" height=\"1024\" src=\"https:\/\/stalber.pl\/wp-content\/uploads\/2021\/02\/IMG_20210212_154029-1-831x1024.jpg\" alt=\"\" class=\"wp-image-111\" srcset=\"https:\/\/stalber.pl\/wp-content\/uploads\/2021\/02\/IMG_20210212_154029-1-831x1024.jpg 831w, https:\/\/stalber.pl\/wp-content\/uploads\/2021\/02\/IMG_20210212_154029-1-243x300.jpg 243w, https:\/\/stalber.pl\/wp-content\/uploads\/2021\/02\/IMG_20210212_154029-1-768x947.jpg 768w, https:\/\/stalber.pl\/wp-content\/uploads\/2021\/02\/IMG_20210212_154029-1-1246x1536.jpg 1246w, https:\/\/stalber.pl\/wp-content\/uploads\/2021\/02\/IMG_20210212_154029-1-1661x2048.jpg 1661w\" sizes=\"(max-width: 767px) 89vw, (max-width: 1000px) 54vw, (max-width: 1071px) 543px, 580px\" \/><\/figure>\n\n\n\n<p>Przecinarka gazowo plazmowa shp 260 o polu roboczym 2,5m x 6m<\/p>\n\n\n\n<figure class=\"wp-block-image size-large\"><img loading=\"lazy\" width=\"1024\" height=\"680\" src=\"https:\/\/stalber.pl\/wp-content\/uploads\/2021\/02\/DSC_0920-1024x680-1.jpg\" alt=\"\" class=\"wp-image-112\" srcset=\"https:\/\/stalber.pl\/wp-content\/uploads\/2021\/02\/DSC_0920-1024x680-1.jpg 1024w, https:\/\/stalber.pl\/wp-content\/uploads\/2021\/02\/DSC_0920-1024x680-1-300x199.jpg 300w, https:\/\/stalber.pl\/wp-content\/uploads\/2021\/02\/DSC_0920-1024x680-1-768x510.jpg 768w\" sizes=\"(max-width: 767px) 89vw, (max-width: 1000px) 54vw, (max-width: 1071px) 543px, 580px\" \/><\/figure>\n\n\n\n<p>Hydrauliczna prasa kraw\u0119dziowa 3m o nacisku 220t<\/p>\n\n\n\n<figure class=\"wp-block-image size-large\"><img loading=\"lazy\" width=\"512\" height=\"384\" src=\"https:\/\/stalber.pl\/wp-content\/uploads\/2021\/02\/unnamed.jpg\" alt=\"\" class=\"wp-image-113\" srcset=\"https:\/\/stalber.pl\/wp-content\/uploads\/2021\/02\/unnamed.jpg 512w, https:\/\/stalber.pl\/wp-content\/uploads\/2021\/02\/unnamed-300x225.jpg 300w\" sizes=\"(max-width: 512px) 100vw, 512px\" \/><\/figure>\n\n\n\n<p>W\u00f3zki wid\u0142owe 2,5t oraz 5,5t<\/p>\n\n\n\n<figure class=\"wp-block-image size-large\"><img loading=\"lazy\" width=\"1024\" height=\"577\" src=\"https:\/\/stalber.pl\/wp-content\/uploads\/2021\/02\/IMG_20210212_153245-1024x577.jpg\" alt=\"\" class=\"wp-image-115\" srcset=\"https:\/\/stalber.pl\/wp-content\/uploads\/2021\/02\/IMG_20210212_153245-1024x577.jpg 1024w, https:\/\/stalber.pl\/wp-content\/uploads\/2021\/02\/IMG_20210212_153245-300x169.jpg 300w, https:\/\/stalber.pl\/wp-content\/uploads\/2021\/02\/IMG_20210212_153245-768x432.jpg 768w, https:\/\/stalber.pl\/wp-content\/uploads\/2021\/02\/IMG_20210212_153245-1536x865.jpg 1536w, https:\/\/stalber.pl\/wp-content\/uploads\/2021\/02\/IMG_20210212_153245-2048x1153.jpg 2048w\" sizes=\"(max-width: 767px) 89vw, (max-width: 1000px) 54vw, (max-width: 1071px) 543px, 580px\" \/><\/figure>\n\n\n\n<p>Dwie suwnice ZBUD 5t<\/p>\n\n\n\n<figure class=\"wp-block-image size-large\"><img loading=\"lazy\" width=\"1024\" height=\"577\" src=\"https:\/\/stalber.pl\/wp-content\/uploads\/2021\/02\/IMG_20210212_153835-1024x577.jpg\" alt=\"\" class=\"wp-image-116\" srcset=\"https:\/\/stalber.pl\/wp-content\/uploads\/2021\/02\/IMG_20210212_153835-1024x577.jpg 1024w, https:\/\/stalber.pl\/wp-content\/uploads\/2021\/02\/IMG_20210212_153835-300x169.jpg 300w, https:\/\/stalber.pl\/wp-content\/uploads\/2021\/02\/IMG_20210212_153835-768x432.jpg 768w, https:\/\/stalber.pl\/wp-content\/uploads\/2021\/02\/IMG_20210212_153835-1536x865.jpg 1536w, https:\/\/stalber.pl\/wp-content\/uploads\/2021\/02\/IMG_20210212_153835-2048x1153.jpg 2048w\" sizes=\"(max-width: 767px) 89vw, (max-width: 1000px) 54vw, (max-width: 1071px) 543px, 580px\" \/><\/figure>\n","protected":false},"excerpt":{"rendered":"<p>Posiadamy maszyny takie jak: Pi\u0142a Pilous arg 330 saf Prasa GEKA Hydracrop 110 SD do wykonywania otwor\u00f3w oraz ci\u0119cia materia\u0142u Wiertarki kolumnowe Spawarki do spawania metod\u0105 TIG, MIG oraz MAG takie jak EWM i ESAB oraz wyci\u0105gi spawalnicze St\u00f3\u0142 trasersko-monterski SIEGMUND Ukosowarka 45\u00b0 Przecinarka gazowo plazmowa shp 260 o polu roboczym 2,5m x 6m Hydrauliczna &hellip; <\/p>\n<p class=\"link-more\"><a href=\"https:\/\/stalber.pl\/index.php\/park-maszynowy\/\" class=\"more-link\">Czytaj dalej<span class=\"screen-reader-text\"> Park Maszynowy<\/span><\/a><\/p>\n","protected":false},"author":1,"featured_media":0,"parent":0,"menu_order":0,"comment_status":"closed","ping_status":"closed","template":"","meta":[],"_links":{"self":[{"href":"https:\/\/stalber.pl\/index.php\/wp-json\/wp\/v2\/pages\/62"}],"collection":[{"href":"https:\/\/stalber.pl\/index.php\/wp-json\/wp\/v2\/pages"}],"about":[{"href":"https:\/\/stalber.pl\/index.php\/wp-json\/wp\/v2\/types\/page"}],"author":[{"embeddable":true,"href":"https:\/\/stalber.pl\/index.php\/wp-json\/wp\/v2\/users\/1"}],"replies":[{"embeddable":true,"href":"https:\/\/stalber.pl\/index.php\/wp-json\/wp\/v2\/comments?post=62"}],"version-history":[{"count":16,"href":"https:\/\/stalber.pl\/index.php\/wp-json\/wp\/v2\/pages\/62\/revisions"}],"predecessor-version":[{"id":167,"href":"https:\/\/stalber.pl\/index.php\/wp-json\/wp\/v2\/pages\/62\/revisions\/167"}],"wp:attachment":[{"href":"https:\/\/stalber.pl\/index.php\/wp-json\/wp\/v2\/media?parent=62"}],"curies":[{"name":"wp","href":"https:\/\/api.w.org\/{rel}","templated":true}]}}